*y - 41. Let t be s(-5). Calculate the greatest common divisor of 238 and t.
34
Let f be 28 - -2*2/(-4). Suppose 2*d + d = f. Let j = 78 + -42. Calculate the greatest common divisor of d and j.
9
Suppose -5*x + x = -12. Suppose i + 4 = 0, -6 + 32 = 2*v - x*i. Suppose -179 = -5*f + 4*w, 5*f + 4 - 177 = -2*w. What is the highest common factor of v and f?
7
Suppose 12 = o - 8. Let t = 78 + 82. What is the highest common divisor of t and o?
20
Suppose -21*c - 8 = -17*c. Let h be 6/c + 23 + -15. Suppose 3 = 2*v + v. What is the highest common divisor of h and v?
1
Let s be ((-1 + 1)/1)/(-18 + 19). Suppose s = 12*d - 8*d - 180. What is the highest common divisor of 36 and d?
9
Let w = 12 + -6. Let u be 3*(-185)/75 + (-4)/(-10). Let r(z) = -4*z + 2. Let y be r(u). What is the highest common factor of y and w?
6
Suppose -46 = -o + 37. Suppose f + 5*v - 25 = 0, -5 = -3*v + 7. Suppose f*b = 157 + o. Calculate the greatest common divisor of 120 and b.
24
Let j be 73/(-4) + 39/(-52). Let y = j - -23. Suppose 4*u = -y*r + 3*r - 2, 3*u = 2*r - 18. What is the highest common factor of 30 and r?
6
Suppose -224 = 22*k - 30*k. Calculate the highest common factor of 35 and k.
7
Let l(z) = -z**3 - z**2 + z - 1. Let h be l(4). Let w = h - -132. Let m(n) = -n - 1. Let q be m(-6). Calculate the highest common divisor of w and q.
5
Suppose -2*v - c + 354 = 0, -6*c = v - 4*c - 177. Let n = v - 123. What is the greatest common divisor of 81 and n?
27
Let t be (-2 - (-8)/(-3))*-48. Suppose 150*x - 144*x = 168. What is the greatest common factor of x and t?
28
Let m be (6/(-2) - -4)*73. Suppose 5*y - 89 = 2*k, 4*y - 3*k - m = -2*k. What is the greatest common divisor of 19 and y?
19
Suppose 2*n + 0*z + z - 9 = 0, 3*n - z - 21 = 0. Suppose -5*q + 44 = -n. What is the highest common divisor of q and 30?
10
Suppose -i + 5*d - 7 = -2*i, -2*i - 12 = -3*d. Let t be (-2 - -44)*(-2)/i. Calculate the highest common factor of t and 28.
28
Suppose -9*o = -1673 - 667. What is the greatest common factor of o and 52?
52
Let z = 379 + -2. Calculate the highest common divisor of 26 and z.
13
Suppose y - 4 = 1. Let u be (y/(-4))/(4/(-752)). Suppose -2*g - 255 = -5*i, 2*g - u = -5*i - 0*i. Calculate the highest common divisor of i and 7.
7
Let g be 845/15 - (-8)/12. Suppose 8*a - 127 = 25. What is the highest common factor of g and a?
19
Let o = 920 - 506. What is the greatest common divisor of 18 and o?
18
Let r = -359 + 365. What is the greatest common divisor of r and 66?
6
Let i(o) = 2*o**3 + 5*o**2 + o - 7. Let c be i(4). Let r = c + -105. Calculate the highest common divisor of 20 and r.
20
Suppose 4*s = -3*p + 44, -2*s + 4 = -6. What is the greatest common factor of 22 and p?
2
Let f(c) = c**3 - 2*c**2 + 5*c + 2. Let a be f(6). What is the greatest common factor of a and 22?
22
Let i = -1894 + 1922. What is the greatest common divisor of i and 252?
28
Let p(s) = 2*s**3 - 34*s**2 + s + 15. Let t be p(17). Suppose 0 = 2*m - m - 3. Suppose 3 = m*k - 9. Calculate the highest common factor of k and t.
4
Let g = 7 - 2. Suppose k = 5*x - 17, -3*k = g*x - x - 25. Suppose 0 = k*d + 22 - 112. Calculate the greatest common divisor of 5 and d.
5
Let o be (-2016)/(-240)*(-185)/(-2). Calculate the greatest common factor of 21 and o.
21
Suppose -3*p = -2*n - 4*p - 3, 3*n - p + 7 = 0. Let m = -2 - n. Suppose 0 = -m*v + 4*v + 2*k - 46, 4 = 4*k. What is the greatest common factor of v and 99?
11
Let c = -14 + -31. Let d be c/(-10)*10/3. Let i be d/(-2)*6/(-5). What is the highest common divisor of i and 99?
9
Let l(j) = j + 16. Let f be l(-9). Let c = f + -2. Suppose v = -2*n + 26, -c*v - 2*n = -3*v - 46. What is the greatest common factor of 10 and v?
10
Let b = 21 + 56. Calculate the greatest common divisor of b and 2233.
77
Suppose 2*n - 107 = -5*d + 34, -n + 83 = 5*d. Let r be (-4)/12 + (-22)/6 + 91. Calculate the greatest common factor of r and n.
29
Let j = -164 - -200. What is the greatest common divisor of j and 72?
36
Let j be (-18)/(-7)*(35 + 7). What is the highest common divisor of j and 4?
4
Suppose w - p = 6*w - 156, 4*w - 4*p - 144 = 0. Let y be (8 - -2)*(-1)/2. Let u = 9 + y. Calculate the highest common factor of w and u.
4
Suppose 0 = 36*w - 4103 - 3817. Suppose -r + 0*r + 20 = 0. Calculate the greatest common divisor of r and w.
20
Let c(k) be the third derivative of k**5/20 + k**4/24 + 7*k**3/3 - 13*k**2. Let d be c(6). What is the greatest common divisor of 32 and d?
32
Let r(n) = -24*n - 8. Let d be -1 - (-6)/(-10)*5. Let o be r(d). What is the highest common factor of 11 and o?
11
Suppose 14 = -0*f - f - z, 5*f - 4*z + 52 = 0. Let y = -9 - f. Suppose -y*l = -2*l - 20. What is the highest common divisor of 8 and l?
4
Let r be (10 + -1)*4/1. Suppose n = 3*n - 6. Suppose w = -4*v + 50, -n*v + 9 + 17 = -5*w. What is the greatest common divisor of r and v?
12
Let r = -7 - -25. Suppose 3*g = -3*g + r. What is the greatest common divisor of g and 2?
1
Let v(j) = -j**2 + 11*j + 3. Let c be v(6). Suppose 6*b = 3*b + 42. Let g = 36 - b. Calculate the highest common divisor of c and g.
11
Let k be ((-1536)/(-144))/((-2)/(-33)). What is the greatest common divisor of 66 and k?
22
Suppose -145 = 3*z + 5*y, -2*y + 6*y + 39 = -z. Let n = z - -105. What is the highest common factor of n and 75?
25
Let s(w) = 20*w**2 + 4*w - 16. Let g be s(4). What is the highest common divisor of g and 10?
10
Let i = -14 - -23. Let m be (-248)/(-7) + (-18)/42. Let j = m - 17. Calculate the greatest common factor of j and i.
9
Suppose -2*d + 16 = -d. Let a(m) = 3*m**2 + 10*m - 104. Let s be a(-8). What is the greatest common factor of d and s?
8
Let w be 1*11/((-121)/(-143)). Calculate the highest common factor of w and 533.
13
Let s(o) = -1 - o**3 - 8*o**2 + 2*o - 4*o - 6. Let d be s(-8). Let t = 139 - 58. Calculate the greatest common divisor of t and d.
9
Let p be 635/(0 - 5)*(0 - -1). Let k = 401 - p. Calculate the greatest common factor of k and 48.
48
Let v = 54 + -32. Suppose b = -b + v. Calculate the highest common divisor of 33 and b.
11
Suppose 3*x - x = 292. What is the highest common factor of x and 2?
2
Suppose -3*m = 2*v - 31, -4*m + 5*v = -3*m + 1. Let u = 40 + -22. Suppose -r = -2*r + u. What is the highest common factor of m and r?
9
Let c be (-208)/(-40)*(-3 + 13). Calculate the highest common factor of 1118 and c.
26
Let j(c) = 2*c - 8. Let x be j(4). Let h(n) = -n**2 + 42. Let m be h(x). What is the highest common factor of m and 105?
21
Let z = -305 + 325. What is the greatest common factor of 100 and z?
20
Let g = 31 + 53. Calculate the greatest common factor of g and 12.
12
Let a(d) = 56*d + 14. Let n be a(2). Let v = n - -74. Let l = 42 - 17. Calculate the highest common divisor of v and l.
25
Let o = 5 - 3. Let g be (-33 - -36)*((-8)/(-6))/4. Calculate the highest common divisor of g and o.
1
Suppose -117*h = -101*h - 2464. Calculate the highest common factor of h and 88.
22
Suppose -585 + 641 = 7*x. Calculate the highest common factor of 1448 and x.
8
Suppose 3*o = -9*k + 4*k + 274, k + 4 = 0. Suppose 0 = 2*x - 3*x - 4*r + 11, 2*x - r = -5. Let b = 15 + x. What is the highest common factor of o and b?
14
Let j be 484/10 - 4/10. Suppose -r - 41 = 5*x - 101, r - 12 = -x. What is the greatest common factor of x and j?
12
Let v(h) = -2*h + 62. Let r be v(19). Let a(s) = -s**3 - 2*s**2 + 3*s. Let f be a(-5). Calculate the greatest common factor of f and r.
12
Suppose 2 = -6*b + 5*b. Let y be (-18 - -11)/(b/14). What is the greatest common factor of y and 7?
7
Let b = -840 - -843. Calculate the highest common divisor of b and 51.
3
Suppose -575*x + 1118 = -573*x. What is the greatest common divisor of x and 13?
13
Suppose 13*x + 33 = 16*x. Suppose 5 = 4*n - x. Let g = 12 + -4. What is the highest common factor of n and g?
4
Let i(n) = -n**3 + n + 48. Let m be i(0). Let h = 37 - 34. Suppose -4*u + 45 = -h. What is the highest common factor of m and u?
12
Let g(p) = p + 10. Let x be g(-9). Suppose -2*o + 4*h = -o - 21, -2*o - 18 = 4*h. Calculate the greatest common divisor of o and x.
1
Suppose -3*s + 24 = -3*k, 2*s = -2*s + k + 20. Suppose -v + 15 = -s*t, -v + 26 = 2*t - 1. What is the greatest common divisor of 46 and v?
23
Let h(o) = 27*o + 8. Let t be h(1). Let d = 0 - 0. Suppose 4*j